of 14443937?
4
What is the ten thousands digit of 1072414588?
1
What is the ten thousands digit of 706914081?
1
What is the tens digit of 101198759?
5
What is the tens digit of 280937998?
9
What is the millions digit of 224152040?
4
What is the millions digit of 359824845?
9
What is the millions digit of 864029139?
4
What is the ten millions digit of 36159431?
3
What is the tens digit of 10195562?
6
What is the hundreds digit of 211093004?
0
What is the hundred thousands digit of 133138762?
1
What is the tens digit of 113701180?
8
What is the tens digit of 37058878?
7
What is the tens digit of 319849183?
8
What is the millions digit of 808921220?
8
What is the thousands digit of 268943538?
3
What is the units digit of 57500038?
8
What is the thousands digit of 120786187?
6
What is the ten thousands digit of 92275117?
7
What is the hundred millions digit of 1791032118?
7
What is the hundred thousands digit of 186586495?
5
What is the ten thousands digit of 75157322?
5
What is the hundred millions digit of 207396641?
2
What is the millions digit of 91672505?
1
What is the billions digit of 1565338952?
1
What is the units digit of 1441371399?
9
What is the units digit of 5880018153?
3
What is the tens digit of 385178875?
7
What is the hundred thousands digit of 572864793?
8
What is the ten millions digit of 35073503?
3
What is the hundred thousands digit of 211609874?
6
What is the hundred thousands digit of 72415879?
4
What is the tens digit of 44682195?
9
What is the millions digit of 25628380?
5
What is the hundred millions digit of 1185910466?
1
What is the hundreds digit of 802404867?
8
What is the hundred millions digit of 117648683?
1
What is the ten millions digit of 297207811?
9
What is the hundreds digit of 39434473?
4
What is the hundreds digit of 748237724?
7
What is the units digit of 272952320?
0
What is the thousands digit of 188049930?
9
What is the hundreds digit of 252697402?
4
What is the ten thousands digit of 102437629?
3
What is the hundred thousands digit of 490508336?
5
What is the hundred millions digit of 570281348?
5
What is the billions digit of 6569226262?
6
What is the hundreds digit of 97896349?
3
What is the thousands digit of 701180868?
0
What is the ten millions digit of 102021539?
0
What is the thousands digit of 408819590?
9
What is the thousands digit of 501226831?
6
What is the millions digit of 2041519?
2
What is the hundred thousands digit of 83578165?
5
What is the ten millions digit of 154522112?
5
What is the hundred millions digit of 176381115?
1
What is the hundred millions digit of 872054241?
8
What is the hundreds digit of 817187024?
0
What is the millions digit of 1521284802?
1
What is the ten thousands digit of 413522717?
2
What is the ten thousands digit of 241628430?
2
What is the hundred thousands digit of 890668168?
6
What is the hundred thousands digit of 133061368?
0
What is the ten thousands digit of 191623512?
2
What is the units digit of 82433240?
0
What is the hundred thousands digit of 63341052?
3
What is the units digit of 382426394?
4
What is the ten millions digit of 897185357?
9
What is the hundreds digit of 7931327?
3
What is the tens digit of 304345778?
7
What is the hundreds digit of 489571179?
1
What is the hundred thousands digit of 94964186?
9
What is the millions digit of 155265215?
5
What is the millions digit of 48243310?
8
What is the millions digit of 1276637611?
6
What is the tens digit of 167561191?
9
What is the tens digit of 1840229?
2
What is the hundred millions digit of 512252313?
5
What is the thousands digit of 277069202?
9
What is the ten thousands digit of 765636819?
3
What is the millions digit of 627087085?
7
What is the units digit of 40414981?
1
What is the thousands digit of 112145670?
5
What is the hundreds digit of 485381880?
8
What is the ten millions digit of 533499138?
3
What is the tens digit of 50025836?
3
What is the millions digit of 5151789118?
1
What is the thousands digit of 4041078912?
8
What is the thousands digit of 9644079948?
9
What is the units digit of 397918367?
7
What is the units digit of 39505549?
9
What is the hundred millions digit of 757550163?
7
What is the ten thousands digit of 51465064?
6
What is the ten millions digit of 144143843?
4
What is the hundreds digit of 317709285?
2
What is the tens digit of 802804819?
1
What is the ten millions digit of 78894399?
7
What is the ten millions digit of 2087701900?
8
What is the ten thousands digit of 6385152?
8
What is the millions digit of 33541750?
3
What is the millions digit of 1830820172?
0
What is the ten thousands digit of 53728248?
2
What is the hundred thousands digit of 2261641468?
6
What is the units digit of 33574080?
0
What is the ten millions digit of 50353690?
5
What is the ten millions digit of 2092473457?
9
What is the ten millions digit of 4917166742?
1
What is the units digit of 236014538?
8
What is the ten millions digit of 3287859951?
8
What is the hundreds digit of 478103358?
3
What is the ten thousands digit of 54018559?
1
What is the hundred millions digit of 1856541073?
8
What is the ten millions digit of 41494747?
4
What is the tens digit of 757555832?
3
What is the units digit of 2837324521?
1
What is the thousands digit of 84755073?
5
What is the hundred millions digit of 1447196048?
4
What is the hundreds digit of 38669221?
2
What is the hundred millions digit of 417640531?
4
What is the ten millions digit of 1627659412?
2
What is the ten thousands digit of 3279562226?
6
What is the millions digit of 155268220?
5
What is the hundred millions digit of 5364216607?
3
What is the thousands digit of 662181829?
1
What is the units digit of 1953966863?
3
What is the ten millions digit of 541390562?
4
What is the millions digit of 474654281?
4
What is the hundreds digit of 680581779?
7
What is the ten millions digit of 642104736?
4
What is the hundreds digit of 3530717531?
5
What is the ten thousands digit of 83363623?
6
What is the hundred thousands digit of 1216060104?
0
What is the ten millions digit of 6415940186?
1
What is the ten thousands digit of 400526596?
2
What is the tens digit of 577615710?
1
What is the units digit of 289549015?
5
What is the hundred thousands digit of 261065760?
0
What is the thousands digit of 1267221931?
1
What is the units digit of 380017850?
0
What is the ten millions digit of 494657598?
9
What is the millions digit of 5922300560?
2
What is the ten thousands digit of 1346146042?
4
What is the millions digit of 114625485?
4
What is the tens digit of 56277776?
7
What is the hundred millions digit of 2071331622?
0
What is the hundred thousands digit of 1172932257?
9
What is the thousands digit of 4451597?
1
What is the hundred thousands digit of 207257387?
2
What is the hundred thousands digit of 243806077?
8
What is the hundred millions digit of 169260235?
1
What is the ten millions digit of 22192428?
2
What is the tens digit of 547881436?
3
What is the millions digit of 3007378841?
7
What is the ten thousands digit of 415558124?
5
What is the units digit of 23279558?
8
What is the units digit of 34198917?
7
What is the tens digit of 23909706?
0
What is the tens digit of 61848797?
9
What is the ten millions digit of 2492163525?
9
What is the units digit of 119350653?
3
What is the ten thousands digit of 461781933?
8
What is the ten millions digit of 1309263982?
0
What is the hundred millions digit of 683074267?
6
What is the thousands digit of 42514829?
4
What is the hundred thousands digit of 59922583?
9
What is the ten millions digit of 1164199231?
6
What is the tens digit of 45414624?
2
What is the hundred thousands digit of 3743306368?
3
What is the millions digit of 159684409?
9
What is the ten millions digit of 26641190?
2
What is the thousands digit of 5676171?
6
What is the billions digit of 3933547651?
3
What is the hundred thousands digit of 1638040598?
0
What is the tens digit of 85892801?
0
What is the thousands digit of 423976185?
6
What is the hundreds digit of 52555484?
4
What is the hundred thousands digit of 50276574?
2
What is the units digit of 308231007?
7
What is the millions digit of 223534299?
3
What is the ten millions digit of 4644809005?
4
What is the thousands digit of 100198634?
8
What is the million